{"id":17,"date":"2019-09-10T12:40:02","date_gmt":"2019-09-10T10:40:02","guid":{"rendered":"https:\/\/imagine-its-art.de\/andre-krajewski\/?page_id=17"},"modified":"2019-09-12T12:03:35","modified_gmt":"2019-09-12T10:03:35","slug":"andre-krajewski-wuppertal","status":"publish","type":"page","link":"https:\/\/imagine-its-art.de\/andre-krajewski-wuppertal\/","title":{"rendered":"Andr\u00e9 Krajewski, Wuppertal"},"content":{"rendered":"<h2>Schriftsteller und wissenschaftlicher Autor<\/h2>\n<p>Blutverschmiert, missmutig und v\u00f6llig abgebrannt kommt Andr\u00e9 Krajewski am 02.11.1967 in Wuppertal zur Welt. Nach einer Phase als frauendominierter Sohn, Kindergarteng\u00e4nger und Grundsch\u00fcler, erlangt er trotzdem das Abitur. Nach Dienst an der Waffe, Dienst an der Tochter, Dienst am Herd und Dienst an der Uni Wuppertal, bedienstet er zunehmend Kugelschreiber, und nach Einsicht, dass man mit Computern nicht nur facebooks schreiben kann, auch Tastaturen bis zur Ersch\u00f6pfung. Also der der Tastaturen! Nebenbei wird er Informatikkaufmann, bastelt und pflegt Websites, lehrt Menschen (und Menschinnen!) von 4 bis 86 Jahren das Computern, und schreibt Gedichte, Romane und Short Storys f\u00fcr seine Schubladen (und Schubladinnen!).<\/p>\n<p><img loading=\"lazy\" class=\"alignleft size-full wp-image-15\" src=\"https:\/\/imagine-its-art.de\/andre-krajewski\/wp-content\/uploads\/sites\/3\/2019\/09\/andre-krajewski.jpg\" alt=\"Andr\u00e9 Krajewski\" width=\"300\" height=\"400\" srcset=\"https:\/\/imagine-its-art.de\/andre-krajewski-wuppertal\/wp-content\/uploads\/sites\/3\/2019\/09\/andre-krajewski.jpg 300w, https:\/\/imagine-its-art.de\/andre-krajewski-wuppertal\/wp-content\/uploads\/sites\/3\/2019\/09\/andre-krajewski-225x300.jpg 225w, https:\/\/imagine-its-art.de\/andre-krajewski-wuppertal\/wp-content\/uploads\/sites\/3\/2019\/09\/andre-krajewski-113x150.jpg 113w\" sizes=\"(max-width: 300px) 100vw, 300px\" \/>Mit seiner ersten Kurzgeschichte &#8222;Canossa&#8220; gewinnt der Schriftsteller beim Literaturwettbewerb der Trude-Unruh-Akademie im Jahre 2006 den Sonderpreis. 2007 erscheint sein Romandeb\u00fct &#8222;strg+alt+entf&#8220; beim Oktara Verlag in Wuppertal. Im gleichen Jahr gelingt ihm bei &#8222;Wuppertal schreibt&#8230;2007&#8220; mit seiner Kurzgeschichte &#8222;Paris im April&#8220; die Ver\u00f6ffentlichung in der Anthologie zum Wettbewerb. 2010 wird seine Story \u201cWith love\u2019s light wings\u2026\u201d mit einer Online-Ver\u00f6ffentlichung pr\u00e4miert. (Inzwischen Offline, aber in der Mediathek zu finden!) 2011 erh\u00e4lt er beim Putlitzer Preis unter \u00fcber 500 Einsendungen aus dem deutschsprachigen Raum den vierten Preis. Zu finden unter&#8230;Sie wissen! (Nicht uneitel erw\u00e4hnt sei, dass Kollegen, H\u00f6rer und Vortragende seinen Text f\u00fcr den besten halten, was ihm Brandenburg sympathisch macht!)<\/p>\n<p>Andr\u00e9 Krajewski schreibt nicht nur belletristisch. F\u00fcr das Wuppertaler HEiNZ-Magazin, einem der auflagenst\u00e4rksten Stadtmagazine in Nordrhein-Westfalen, verfasst er, Leser der ersten Stunde, vier Jahre lang Artikel \u00fcber Kunst, Kultur, Literatur, Ausstellungen, Konzerte, Kino, Rock, Pop, Schlager und Ged\u00f6ns f\u00fcr Heft und Web, und ist in dieser Zeit ein wesentlicher Bestandteil des Teams um Gr\u00fcnder und Ex-Chefredakteur Gerhard Ro\u00dfmann. (Nu sind beide weg)<\/p>\n<p>Als wissenschaftlicher Autor f\u00fcr das Internetportal <a href=\"https:\/\/www.zukunft-braucht-erinnerung.de\/\" target=\"_blank\" rel=\"noopener noreferrer\">Zukunft braucht Erinnerung<\/a>, textet er Artikel u.a. \u00fcber das Ausw\u00e4rtige Amt im Dritten Reich, \u00fcber die Hitlerjugend und diverse Biografien von bekannten Leuten wie Kurt Tucholsky, Else Lasker-Sch\u00fcler, Thomas Mann oder Ernst Barlach. Sein Artikel \u00fcber Anne Frank ist der meistgelesene des Portals. F\u00fcr den Braunschweiger Archivverlag bringt er Texte f\u00fcr historische Themenmappen zu virtuellem Papier. Sein lockerer, fl\u00fcssiger aber dabei stets exakter und fundierter Stil macht ihn zu einem gern und oft gebuchten Autor des Verlags. Und nebenbei schreibt er f\u00fcr den Chef vom Ganzen zwei Kapitel zu einem Buch \u00fcber &#8222;25 Jahre Wiedervereinigung&#8220;. Von der Mode der 90er \u00fcber Bruce Springsteen in Wei\u00dfensee bis zum &#8222;2+4 Vertrag&#8220; und der Innen- und Au\u00dfenpolitik Helmut Kohls und Gorbatschows textet er wissenschaftlich, verst\u00e4ndlich und lesenswert.<\/p>\n<p>Nebenbei baut er in Essen eine Online-Redaktion f\u00fcr ein Bildungsportal zu Themen wie &#8222;Bildung, Beruf und Karriere&#8220; mit auf, vermittelt Kontake zu Xing, weiteren Portalen, Redaktionen und KollegenInnen, gr\u00fcndet die K\u00fcnstlergruppe Imagine it&#8217;s art, schreibt an zwei Romanen und diversen Kurzgeschichten und Gedichten, trifft G\u00fcnter Grass und Herta M\u00fcller, sch\u00fcttelt die H\u00e4nde von Dieter Hildebrandt, Hanns Dieter H\u00fcsch, Volker Pispers und Jimmy White (Snooker-Gott), lernt germanistische Kazipit\u00e4ten wie Heinz R\u00f6lleke, Werner Bellmann und den Lektor des Tr\u00e4gers vom guten alten Nobelpreis f\u00fcr Literatur Heinrich B\u00f6ll, Karl Heiner Busse, kennen, schreibt \u00fcber Wolfgang Koeppen, Heinrich von Kleist, Wolfram von Eschenbach und Klaus Mann, referiert und schreibt \u00fcber die Geschichte der j\u00fcdischen Warenh\u00e4user in Deutschland (Leonhard und Oscar Tietz, Adolf Jandorf, Salman Schocken und die Familie Wertheim), liest leidenschaftlich David Foster Wallace, tritt energisch ein gegen lokale Ausw\u00fcchse einer Literatur-Maffia, trifft zauberhafte Kollegen wie Chrizz B. Reuer, Christa Lehmann, Martin Halotta, Susann Bernsau, Peter Kah, Max Maxelon und &#8222;Little Big Man&#8220; Kai Becker und schreibt aus Leidenschaft und weil er schreiben muss. Und weil es noch unverbrauchte Tastaturen gibt, schreibt er 2011 seine Bachelorarbeit \u00fcber die Lyrik von G\u00fcnter Grass. (1,0!!!) Ja&#8230;langhaarig, belesen, schwer intellektuell und auch noch Altsemester an der Heine-Uni&#8230;seine Kurzgeschichte &#8222;Sukzessivkontraste&#8220; und sein Liebesgedicht &#8222;Amantes, Amentes&#8220; sind in der ersten Printausgabe der Literaturwerkstatt Nocthene der Heine-Uni erschienen. Beide Texte liest er vor gro\u00dfem Publikum in D\u00fcsseldorf und im Kultur-Container Wuppertal. Seinen Text \u00fcber Paris, in der Tradition von Schriftstellern wie Henry Miller, Charles Baudelaire, Marcel Proust und Gertrude Stein, performt er in NRW erfolgreich. Weitere Texte schlummern in Schubladen, PC und Hirn&#8230;<br \/>\nJetzt ist er auch noch zertifizierter Online-Redakteur und Hobby-Fotograf. Regelm\u00e4\u00dfig f\u00fchrt er seine Lumix G3 Gassi. Erste Ergebnisse gibt es bald auf einer eigenen Website. Es bleibt spannend&#8230;<br \/>\nOnline ist sein Web-Projekt <a href=\"https:\/\/zweiteklasse.de\" target=\"_blank\" rel=\"noopener noreferrer\">2. Klasse | Bildergeschichten eines fahrenden Poeten<\/a><\/p>\n<p>Pers\u00f6nliche Webseite: <a href=\"https:\/\/andre-krajewski.de\" target=\"_blank\" rel=\"noopener noreferrer\">andre-krajewski.de<\/a><\/p>\n<h3>Ver\u00f6ffentlichungen:<\/h3>\n<p>strg+alt+entf, Roman, Wuppertal 2007<br \/>\nCanossa, in: Heute wir, morgen Ihr, Freiburg im Breisgau 2006<br \/>\nParis im April, in: Janus-M\u00e4dchen &#8211; Geschichten vom Leben in unserer Stadt. Wuppertal 2007<br \/>\nAmantes, Amentes. Ein Liebesgedicht, in: Nocthene Nr. 1, D\u00fcsseldorf 2013<br \/>\nSukzessivkontraste, in: Nocthene Nr. 1, D\u00fcsseldorf 2013<\/p>\n<h3>Meriten:<\/h3>\n<p>1. Literaturwettbewerb der Trude-Unruh-Akademie 2006 &#8211; Sonderpreis<br \/>\nWuppertal schreibt 2007 &#8211; Ver\u00f6ffentlichung des Beitrags in der Anthologie zum Wettbewerb<br \/>\nWuppertal schreibt 2010 &#8211; Ver\u00f6ffentlichung des Beitrags auf der Website zum Wettbewerb<br \/>\nPutlitzer Preis 2011 &#8211; 4. Preis<\/p>\n<p><a href=\"https:\/\/imagine-its-art.de\/mediathek\">Mediathek<\/a><\/p>\n","protected":false},"excerpt":{"rendered":"<p>Schriftsteller und wissenschaftlicher Autor Blutverschmiert, missmutig und v\u00f6llig abgebrannt kommt Andr\u00e9 Krajewski am 02.11.1967 in Wuppertal zur Welt. Nach einer Phase als frauendominierter Sohn, Kindergarteng\u00e4nger und Grundsch\u00fcler, erlangt er trotzdem das Abitur. Nach Dienst an der Waffe, Dienst an der Tochter, Dienst am Herd und Dienst an der Uni Wuppertal,&#8230;<\/p>\n<p> <a class=\"continue-reading-link\" href=\"https:\/\/imagine-its-art.de\/andre-krajewski-wuppertal\/\"><span>Continue reading<\/span><i class=\"crycon-right-dir\"><\/i><\/a> <\/p>\n","protected":false},"author":1,"featured_media":0,"parent":0,"menu_order":0,"comment_status":"closed","ping_status":"closed","template":"","meta":{"ngg_post_thumbnail":0},"yoast_head":"<!-- This site is optimized with the Yoast SEO plugin v16.7 - https:\/\/yoast.com\/wordpress\/plugins\/seo\/ -->\n<title>Imagine It&#039;s Art - Andr\u00e9 Krajewski - Wuppertal<\/title>\n<meta name=\"description\" content=\"Andr\u00e9 Krajewski - Schriftsteller und wissenschaftlicher Autor aus Wuppertal\" \/>\n<meta name=\"robots\" content=\"index, follow, max-snippet:-1, max-image-preview:large, max-video-preview:-1\" \/>\n<link rel=\"canonical\" href=\"https:\/\/imagine-its-art.de\/andre-krajewski-wuppertal\/\" \/>\n<meta property=\"og:locale\" content=\"de_DE\" \/>\n<meta property=\"og:type\" content=\"article\" \/>\n<meta property=\"og:title\" content=\"Imagine It&#039;s Art - Andr\u00e9 Krajewski - Wuppertal\" \/>\n<meta property=\"og:description\" content=\"Andr\u00e9 Krajewski - Schriftsteller und wissenschaftlicher Autor aus Wuppertal\" \/>\n<meta property=\"og:url\" content=\"https:\/\/imagine-its-art.de\/andre-krajewski-wuppertal\/\" \/>\n<meta property=\"og:site_name\" content=\"Andr\u00e9 Krajewski\" \/>\n<meta property=\"article:modified_time\" content=\"2019-09-12T10:03:35+00:00\" \/>\n<meta property=\"og:image\" content=\"https:\/\/imagine-its-art.de\/andre-krajewski\/wp-content\/uploads\/sites\/3\/2019\/09\/andre-krajewski.jpg\" \/>\n<meta name=\"twitter:card\" content=\"summary_large_image\" \/>\n<meta name=\"twitter:label1\" content=\"Gesch\u00e4tzte Lesezeit\" \/>\n\t<meta name=\"twitter:data1\" content=\"4\u00a0Minuten\" \/>\n<script type=\"application\/ld+json\" class=\"yoast-schema-graph\">{\"@context\":\"https:\/\/schema.org\",\"@graph\":[{\"@type\":\"WebSite\",\"@id\":\"https:\/\/imagine-its-art.de\/andre-krajewski-wuppertal\/#website\",\"url\":\"https:\/\/imagine-its-art.de\/andre-krajewski-wuppertal\/\",\"name\":\"Andr\\u00e9 Krajewski\",\"description\":\"\",\"potentialAction\":[{\"@type\":\"SearchAction\",\"target\":{\"@type\":\"EntryPoint\",\"urlTemplate\":\"https:\/\/imagine-its-art.de\/andre-krajewski-wuppertal\/?s={search_term_string}\"},\"query-input\":\"required name=search_term_string\"}],\"inLanguage\":\"de\"},{\"@type\":\"ImageObject\",\"@id\":\"https:\/\/imagine-its-art.de\/andre-krajewski-wuppertal\/#primaryimage\",\"inLanguage\":\"de\",\"url\":\"https:\/\/imagine-its-art.de\/andre-krajewski\/wp-content\/uploads\/sites\/3\/2019\/09\/andre-krajewski.jpg\",\"contentUrl\":\"https:\/\/imagine-its-art.de\/andre-krajewski\/wp-content\/uploads\/sites\/3\/2019\/09\/andre-krajewski.jpg\"},{\"@type\":\"WebPage\",\"@id\":\"https:\/\/imagine-its-art.de\/andre-krajewski-wuppertal\/#webpage\",\"url\":\"https:\/\/imagine-its-art.de\/andre-krajewski-wuppertal\/\",\"name\":\"Imagine It's Art - Andr\\u00e9 Krajewski - Wuppertal\",\"isPartOf\":{\"@id\":\"https:\/\/imagine-its-art.de\/andre-krajewski-wuppertal\/#website\"},\"primaryImageOfPage\":{\"@id\":\"https:\/\/imagine-its-art.de\/andre-krajewski-wuppertal\/#primaryimage\"},\"datePublished\":\"2019-09-10T10:40:02+00:00\",\"dateModified\":\"2019-09-12T10:03:35+00:00\",\"description\":\"Andr\\u00e9 Krajewski - Schriftsteller und wissenschaftlicher Autor aus Wuppertal\",\"breadcrumb\":{\"@id\":\"https:\/\/imagine-its-art.de\/andre-krajewski-wuppertal\/#breadcrumb\"},\"inLanguage\":\"de\",\"potentialAction\":[{\"@type\":\"ReadAction\",\"target\":[\"https:\/\/imagine-its-art.de\/andre-krajewski-wuppertal\/\"]}]},{\"@type\":\"BreadcrumbList\",\"@id\":\"https:\/\/imagine-its-art.de\/andre-krajewski-wuppertal\/#breadcrumb\",\"itemListElement\":[{\"@type\":\"ListItem\",\"position\":1,\"name\":\"Startseite\",\"item\":\"https:\/\/imagine-its-art.de\/andre-krajewski-wuppertal\/\"},{\"@type\":\"ListItem\",\"position\":2,\"name\":\"Andr\\u00e9 Krajewski, Wuppertal\"}]}]}<\/script>\n<!-- \/ Yoast SEO plugin. -->","yoast_head_json":{"title":"Imagine It's Art - Andr\u00e9 Krajewski - Wuppertal","description":"Andr\u00e9 Krajewski - Schriftsteller und wissenschaftlicher Autor aus Wuppertal","robots":{"index":"index","follow":"follow","max-snippet":"max-snippet:-1","max-image-preview":"max-image-preview:large","max-video-preview":"max-video-preview:-1"},"canonical":"https:\/\/imagine-its-art.de\/andre-krajewski-wuppertal\/","og_locale":"de_DE","og_type":"article","og_title":"Imagine It's Art - Andr\u00e9 Krajewski - Wuppertal","og_description":"Andr\u00e9 Krajewski - Schriftsteller und wissenschaftlicher Autor aus Wuppertal","og_url":"https:\/\/imagine-its-art.de\/andre-krajewski-wuppertal\/","og_site_name":"Andr\u00e9 Krajewski","article_modified_time":"2019-09-12T10:03:35+00:00","og_image":[{"url":"https:\/\/imagine-its-art.de\/andre-krajewski\/wp-content\/uploads\/sites\/3\/2019\/09\/andre-krajewski.jpg"}],"twitter_card":"summary_large_image","twitter_misc":{"Gesch\u00e4tzte Lesezeit":"4\u00a0Minuten"},"schema":{"@context":"https:\/\/schema.org","@graph":[{"@type":"WebSite","@id":"https:\/\/imagine-its-art.de\/andre-krajewski-wuppertal\/#website","url":"https:\/\/imagine-its-art.de\/andre-krajewski-wuppertal\/","name":"Andr\u00e9 Krajewski","description":"","potentialAction":[{"@type":"SearchAction","target":{"@type":"EntryPoint","urlTemplate":"https:\/\/imagine-its-art.de\/andre-krajewski-wuppertal\/?s={search_term_string}"},"query-input":"required name=search_term_string"}],"inLanguage":"de"},{"@type":"ImageObject","@id":"https:\/\/imagine-its-art.de\/andre-krajewski-wuppertal\/#primaryimage","inLanguage":"de","url":"https:\/\/imagine-its-art.de\/andre-krajewski\/wp-content\/uploads\/sites\/3\/2019\/09\/andre-krajewski.jpg","contentUrl":"https:\/\/imagine-its-art.de\/andre-krajewski\/wp-content\/uploads\/sites\/3\/2019\/09\/andre-krajewski.jpg"},{"@type":"WebPage","@id":"https:\/\/imagine-its-art.de\/andre-krajewski-wuppertal\/#webpage","url":"https:\/\/imagine-its-art.de\/andre-krajewski-wuppertal\/","name":"Imagine It's Art - Andr\u00e9 Krajewski - Wuppertal","isPartOf":{"@id":"https:\/\/imagine-its-art.de\/andre-krajewski-wuppertal\/#website"},"primaryImageOfPage":{"@id":"https:\/\/imagine-its-art.de\/andre-krajewski-wuppertal\/#primaryimage"},"datePublished":"2019-09-10T10:40:02+00:00","dateModified":"2019-09-12T10:03:35+00:00","description":"Andr\u00e9 Krajewski - Schriftsteller und wissenschaftlicher Autor aus Wuppertal","breadcrumb":{"@id":"https:\/\/imagine-its-art.de\/andre-krajewski-wuppertal\/#breadcrumb"},"inLanguage":"de","potentialAction":[{"@type":"ReadAction","target":["https:\/\/imagine-its-art.de\/andre-krajewski-wuppertal\/"]}]},{"@type":"BreadcrumbList","@id":"https:\/\/imagine-its-art.de\/andre-krajewski-wuppertal\/#breadcrumb","itemListElement":[{"@type":"ListItem","position":1,"name":"Startseite","item":"https:\/\/imagine-its-art.de\/andre-krajewski-wuppertal\/"},{"@type":"ListItem","position":2,"name":"Andr\u00e9 Krajewski, Wuppertal"}]}]}},"_links":{"self":[{"href":"https:\/\/imagine-its-art.de\/andre-krajewski-wuppertal\/wp-json\/wp\/v2\/pages\/17"}],"collection":[{"href":"https:\/\/imagine-its-art.de\/andre-krajewski-wuppertal\/wp-json\/wp\/v2\/pages"}],"about":[{"href":"https:\/\/imagine-its-art.de\/andre-krajewski-wuppertal\/wp-json\/wp\/v2\/types\/page"}],"author":[{"embeddable":true,"href":"https:\/\/imagine-its-art.de\/andre-krajewski-wuppertal\/wp-json\/wp\/v2\/users\/1"}],"replies":[{"embeddable":true,"href":"https:\/\/imagine-its-art.de\/andre-krajewski-wuppertal\/wp-json\/wp\/v2\/comments?post=17"}],"version-history":[{"count":0,"href":"https:\/\/imagine-its-art.de\/andre-krajewski-wuppertal\/wp-json\/wp\/v2\/pages\/17\/revisions"}],"wp:attachment":[{"href":"https:\/\/imagine-its-art.de\/andre-krajewski-wuppertal\/wp-json\/wp\/v2\/media?parent=17"}],"curies":[{"name":"wp","href":"https:\/\/api.w.org\/{rel}","templated":true}]}}